+ 7. Let z = c - -11. Let m = -2 + z. List the prime factors of m.
2
Let f(v) = v + 11. Let d be f(-13). List the prime factors of d*(-2)/4*2.
2
Suppose 3 = a + 10. What are the prime factors of (12/a)/((-4)/28)?
2, 3
Let y be (-1066)/(-14) - (-1)/(-7). Suppose 4*x + 2*i - 72 = 0, -4*i - y = -0*x - 3*x. What are the prime factors of x?
2, 5
Let j = 50 + -71. Let m = 3 - j. Let h = m - 14. What are the prime factors of h?
2, 5
Suppose 2*a + 96 = 3*f + 3*a, 0 = -5*f - 4*a + 160. Suppose k - f = -3*k. What are the prime factors of k?
2
Suppose -5*d + 35 = -2*o, o + 0*d - 15 = -4*d. Suppose -40 = -5*y + y. Let a = y + o. What are the prime factors of a?
5
Let w(t) be the third derivative of t**6/120 - t**4/24 + t**3 + t**2. List the prime factors of w(0).
2, 3
Suppose 3*o - f - 112 = 0, 4*o - 160 = 5*f - f. What are the prime factors of o?
2, 3
Suppose 0 = 2*g - 4*w, 3*w - 2*w = 4*g. Suppose 3*i - 4*i + 2 = g. What are the prime factors of i?
2
Let l = 4 - 1. Suppose -12 = -4*y - 0. Suppose -y = -3*r + l. What are the prime factors of r?
2
Let u(n) = 7*n**2 - 2*n + 1. Let m be u(2). Suppose 18 = -4*s + q, 4*s + m = s - 5*q. Let b = 0 - s. What are the prime factors of b?
5
Suppose 4*u + 0 + 16 = 3*q, -5*q = -5*u - 25. Suppose -3 - 14 = h + 5*t, 0 = -q*h + 5*t + 57. What are the prime factors of h?
2
Let j(l) = -l**2 - 3*l - 2. Let h be j(-2). Suppose -3*n = -f + 38, 2*f + 72 = 4*f - 2*n. Suppose h = 6*t - t - f. What are the prime factors of t?
7
Let p = 19 + 58. What are the prime factors of 1826/p + (-4)/(-14)?
2, 3
Suppose -5*m = 3*m - 1480. List the prime factors of m.
5, 37
Let y = 27 - 9. Suppose 2*l + l + 5*s = -10, -5*l + 5*s + 50 = 0. Let b = y - l. List the prime factors of b.
13
Suppose b - 2*k = -5, 4*k = 5*b - 0*k + 1. Suppose -b = 2*l - 11. Suppose -2 = -2*s, -j = 5*s - 19 + l. List the prime factors of j.
2, 5
Let o = -98 + 334. List the prime factors of o.
2, 59
Suppose -2*j + 3*f + 73 = 0, 5*j + 3*f = -2*f + 170. List the prime factors of j.
5, 7
Let k be 21/3*2/7. Suppose 14 = 4*b - k. Suppose -5*h = -15, a + 40 = 3*a + b*h. What are the prime factors of a?
2, 7
Let s = -33 - -53. List the prime factors of s.
2, 5
Suppose 2*f - 5*q - 23 = -f, 31 = 5*f - q. Let b be (-2)/(-3) + 62/f. Suppose b = 5*n - 14. What are the prime factors of n?
5
List the prime factors of 1/((-6)/(-18)) + 2*18.
3, 13
Let x(m) = m**3 - m + 13. Suppose -7 - 8 = -k. Let r be (-10)/k + (-2)/(-3). What are the prime factors of x(r)?
13
Let h(d) = 12*d**2 - d. Let k(x) = x**2 - 2*x - 2. Let c be k(3). Let n be h(c). Let b = 18 - n. What are the prime factors of b?
7
Let r = -19 - 9. Let s be r/(-2*1) + -2. Suppose 0 = 5*j - 8 - s. List the prime factors of j.
2
Suppose 4*s = j + 14, 8 = -0*s + 2*s. Suppose -j*v - 2*v = -32. What are the prime factors of v?
2
Let h be (-2 - -3)/((-2)/(-4)). Suppose 2*v + 3*v - 44 = 4*c, -3*c = 4*v + h. List the prime factors of 3*5/((-15)/c).
2, 3
Suppose 0 = -6*j - 2*j + 392. What are the prime factors of j?
7
Let y(x) = 18*x**2. What are the prime factors of y(-2)?
2, 3
What are the prime factors of ((-8)/120*-10)/((-4)/(-1002))?
167
Let m = -94 - -142. What are the prime factors of m?
2, 3
Let m = 4 - 0. Suppose -3*x + 40 = 2*o, o + 0*o = -m*x + 45. What are the prime factors of x?
2, 5
Let g = -7 + 11. Suppose -g*q - 12 = u + 19, -u = q + 19. Let h = -10 - u. What are the prime factors of h?
5
Suppose -4*w - 3*h + 0*h + 21 = 0, 3*w = -4*h + 7. Suppose 0 = -2*v + k + w, 5*k + 10 = -5*v + k. Suppose 0 = l - v*l + 17. What are the prime factors of l?
17
Suppose 64 = s + 3*s. List the prime factors of 104/s + (-2)/4.
2, 3
Let i(s) = s**3 - 10*s**2 + 7*s + 6. Let l be i(9). Let r(k) = k**2 + 12*k + 5. What are the prime factors of r(l)?
5
Suppose -x + 16 = 3*x. Suppose 2*y + 0*y - 5 = -5*q, -x*y + 21 = -q. Suppose -85 = -5*b - 0*b - y*d, 4*b - 70 = -3*d. What are the prime factors of b?
19
Let p(o) = o**2 + 6*o - 12. Let i be p(-9). Suppose -3*j = -30 - i. What are the prime factors of j?
3, 5
Suppose -4*a + 8 = -12. Suppose 3*i - 18 = 33. Suppose -47 = -a*k - i. List the prime factors of k.
2, 3
List the prime factors of 65*2*(-1)/(-5).
2, 13
Suppose 5*v + 2 = 12. What are the prime factors of ((-2)/(-2))/(v/16)?
2
Let d(x) = 2*x**2 - 3*x - 15. List the prime factors of d(-5).
2, 5
Suppose 0 = -3*z + 2*s + 896, z - 341 = -3*s - 24. List the prime factors of z.
2, 151
Let i(g) = g**2 + 5*g + 12. What are the prime factors of i(-8)?
2, 3
Let h(m) = m**2 - m - 2. Let y be ((-4)/6)/(2/(-12)). What are the prime factors of h(y)?
2, 5
Suppose 5*d = 4*b + 49, 2*d + 7 = -5*b - 13. List the prime factors of (-628)/(-16) + b/(-8).
2, 5
Let z = 10 - 6. Suppose 0 = -4*i + 4*l + 84, -z*l - 11 = -i + 7. What are the prime factors of i?
2, 11
Suppose 2*a - 136 = -34. List the prime factors of a.
3, 17
Let k = -8 + 20. What are the prime factors of 4/k*-31*-3?
31
Suppose -4*q = -2*q + 3*o + 4, 3*q + 3*o = 0. Suppose -x - x = -q. What are the prime factors of x/(-4) - 5/(-2)?
2
Let s(r) = -r**3 - 13*r**2 - 19*r - 5. List the prime factors of s(-14).
457
Let a(d) = 59*d - 48. List the prime factors of a(6).
2, 3, 17
Suppose 4*n = 23 - 3, 0 = -2*j - n + 9. Suppose -2*o = 3*f + o - 21, -2*f = -j*o - 18. What are the prime factors of f?
2
Suppose -5*g = -b + 97, 4*b - 2*g = -3*g + 367. List the prime factors of b.
2, 23
Let x(g) be the first derivative of g**2 - 12*g + 1. List the prime factors of x(11).
2, 5
Suppose -2*q + 14 = 5*c, -c = 2*q - 2 - 4. Suppose 5*i + u = 71, 3*i - u - q*u - 39 = 0. List the prime factors of i.
2, 7
Let m(y) = -5*y - 13. List the prime factors of m(-6).
17
Suppose -85 = -5*r - 0*j + 3*j, 4*r - 31 = -5*j. Suppose 0*w + r = w. What are the prime factors of w?
2, 7
Let o(u) = -u + 3. Let d be o(6). What are the prime factors of d + 19 + (4 - 1)?
19
Let u = -179 + 278. Suppose 0 = 2*v + 2, 5*z + v - u = z. List the prime factors of z.
5
Let d = -88 - -192. What are the prime factors of d?
2, 13
Let u = -14 + 11. What are the prime factors of (3 + 10/u)*-123?
41
Let k(s) = -32*s. What are the prime factors of k(-1)?
2
Suppose -3*p - 5*d = -2*p - 14, -42 = -3*p - 2*d. List the prime factors of p.
2, 7
Suppose 2*d - 46 = -4. List the prime factors of d.
3, 7
Let m(p) be the second derivative of -2*p**3/3 - 5*p**2/2 + p. Let k be m(-6). Suppose -c + k = 4*c + d, -2*c + 2*d - 2 = 0. List the prime factors of c.
3
Let c be 2*(5/2 - 2). Let t be -8*((-9)/6 - c). Suppose t = 3*x + 5. List the prime factors of x.
5
Let r = -22 - -40. What are the prime factors of r/(-9) + 17 + 0?
3, 5
Let o = -9 - -12. Let t = 8 + o. What are the prime factors of t?
11
Let i = 61 - -58. Suppose -5*m - 24 = -i. List the prime factors of m.
19
Suppose 4*p + h = -3*h + 348, -p - 4*h = -72. List the prime factors of p.
2, 23
Suppose l - 2*l = -3. Suppose 0 = -5*o + 5*s + 205, 168 = 4*o + s - l*s. List the prime factors of o.
43
Let m = 23 + -7. Suppose -100 = 2*o - 6*o. Let x = o - m. What are the prime factors of x?
3
Let m(r) = 2*r - 2*r - 5*r - 9. List the prime factors of m(-6).
3, 7
Suppose 4*p - 5*p = -x - 9, 0 = -4*x - 16. What are the prime factors of p?
5
Suppose -3*w + 5 = -2*w. Let i be (-3)/(1 + -4)*w. Suppose 5*z + i*a - 56 = 2*a, -z = -5*a. What are the prime factors of z?
2, 5
Suppose 0 = 2*o + 2*k - 66, -3*o + k + 61 = -54. Suppose 4 = -j + n + o, -5*n + 38 = 2*j. What are the prime factors of j?
29
Let l(g) = 2*g**2 + 3*g + 1. Let t = -3 + 0. Let f be l(t). Suppose -4*s + 4*a - 2 + 26 = 0, 5*a = s + f. List the prime factors of s.
2, 5
Suppose z - 1 = 3. Suppose -7 = -z*q + 1. List the prime factors of q.
2
Let v(w) = 3*w**2 + 5 - 2*w + 2 - 5. What are the prime factors of v(2)?
2, 5
Let l = 4 + -2. Let c = l - -2. What are the prime factors of c/4 - 3*-1?
2
Let b = 7 + -5. Let d be (-1 - 2)*(-2)/b. Suppose d*a + 17 = u - 2*a, u + 4 = -2*a. List the prime factors of u.
2
Suppose -3*r = -4*r + 96. What are the prime factors of r?
2, 3
Let h(o) = -6*o**3 + 2*o**2 + o - 4. What are the prime factors of h(-2)?
2, 5
Let p be -9*((-6)/(-9))/(-2). List the prime factors of (2/p)/(10/195).
13
Let x(i) = -6*i**3 + i. Let r be x(-1). Let l = -22 + 12. List the prime factors of (-3)/r + (-76)/l.
7
Let o = -7 - -19. List the prime factors of